{"id":114,"date":"2024-04-06T17:09:42","date_gmt":"2024-04-06T15:09:42","guid":{"rendered":"https:\/\/solidaritegenerositeaines8.wordpress.com\/?page_id=114"},"modified":"2025-11-11T18:41:14","modified_gmt":"2025-11-11T18:41:14","slug":"action","status":"publish","type":"page","link":"https:\/\/solidaritegenerositeainesalbertivillariens.com\/index.php\/action\/","title":{"rendered":"Action"},"content":{"rendered":"\n<div class=\"wp-block-group alignfull has-global-padding is-content-justification-center is-layout-constrained wp-container-core-group-is-layout-df757ecc wp-block-group-is-layout-constrained\" style=\"margin-top:0;margin-bottom:0;padding-top:calc( 0.5 * var(--wp--style--root--padding-right, var(--wp--custom--gap--horizontal)));padding-right:var(--wp--style--root--padding-right, var(--wp--custom--gap--horizontal));padding-bottom:calc( 0.5 * var(--wp--style--root--padding-right, var(--wp--custom--gap--horizontal)));padding-left:var(--wp--style--root--padding-left, var(--wp--custom--gap--horizontal))\">\n<div style=\"height:26px\" aria-hidden=\"true\" class=\"wp-block-spacer\"><\/div>\n\n\n\n<p style=\"text-align: center\"><strong>Voici quelque action effectuer par l&rsquo;association :<\/strong><\/p>\n\n\n\n<div style=\"height:calc( 0.25 * var(--wp--style--root--padding-right, var(--wp--custom--gap--horizontal)))\" aria-hidden=\"true\" class=\"wp-block-spacer\"><\/div>\n<\/div>\n\n\n\n<div class=\"wp-block-group alignfull has-global-padding is-content-justification-center is-layout-constrained wp-container-core-group-is-layout-df757ecc wp-block-group-is-layout-constrained\" style=\"margin-top:0;margin-bottom:0;padding-top:calc( 0.5 * var(--wp--style--root--padding-right, var(--wp--custom--gap--horizontal)));padding-right:var(--wp--style--root--padding-right, var(--wp--custom--gap--horizontal));padding-bottom:calc( 0.5 * var(--wp--style--root--padding-right, var(--wp--custom--gap--horizontal)));padding-left:var(--wp--style--root--padding-left, var(--wp--custom--gap--horizontal))\">\n<div style=\"height:calc( 0.25 * var(--wp--style--root--padding-right, var(--wp--custom--gap--horizontal)))\" aria-hidden=\"true\" class=\"wp-block-spacer\"><\/div>\n\n\n\n<div class=\"wp-block-columns alignwide is-layout-flex wp-container-core-columns-is-layout-5b525043 wp-block-columns-is-layout-flex\">\n<div class=\"wp-block-column is-layout-flow wp-block-column-is-layout-flow\">\n<figure class=\"wp-block-image size-full\"><img decoding=\"async\" src=\"https:\/\/solidaritegenerositeaines8.wordpress.com\/wp-content\/uploads\/2025\/03\/la-mer-de-sable-fini.png\" alt=\"\" class=\"wp-image-135\" style=\"aspect-ratio:1;object-fit:cover\"\/><\/figure>\n\n\n\n<h3 class=\"wp-block-heading has-text-align-center has-medium-font-size\">Un Halloween Myst\u00e8re <\/h3>\n\n\n\n<p class=\"has-text-align-center\">Naviguer dans le tissu complexe de la vie, les choix d\u00e9voilent des chemins vers l&rsquo;extraordinaire, exigeant cr\u00e9ativit\u00e9, curiosit\u00e9 et courage pour un voyage vraiment \u00e9panouissant.<\/p>\n\n\n\n<div class=\"wp-block-buttons is-content-justification-center is-layout-flex wp-container-core-buttons-is-layout-a89b3969 wp-block-buttons-is-layout-flex\">\n<div class=\"wp-block-button\"><a class=\"wp-block-button__link wp-element-button\">Commencer<\/a><\/div>\n<\/div>\n<\/div>\n\n\n\n<div class=\"wp-block-column is-layout-flow wp-block-column-is-layout-flow\">\n<figure class=\"wp-block-image size-full\"><img decoding=\"async\" src=\"https:\/\/solidaritegenerositeaines8.wordpress.com\/wp-content\/uploads\/2024\/04\/atelier-ecriture-v2.png\" alt=\"\" class=\"wp-image-117\" style=\"aspect-ratio:1;object-fit:cover\"\/><\/figure>\n\n\n\n<h3 class=\"wp-block-heading has-text-align-center has-medium-font-size\">L&rsquo;atelier d&rsquo;\u00e9criture <\/h3>\n\n\n\n<p class=\"has-text-align-center\">Naviguer dans le tissu complexe de la vie, les choix d\u00e9voilent des chemins vers l&rsquo;extraordinaire, exigeant cr\u00e9ativit\u00e9, curiosit\u00e9 et courage pour un voyage vraiment \u00e9panouissant.<\/p>\n\n\n\n<div class=\"wp-block-buttons is-content-justification-center is-layout-flex wp-container-core-buttons-is-layout-a89b3969 wp-block-buttons-is-layout-flex\">\n<div class=\"wp-block-button\"><a class=\"wp-block-button__link wp-element-button\">Commencer<\/a><\/div>\n<\/div>\n<\/div>\n\n\n\n<div class=\"wp-block-column is-layout-flow wp-block-column-is-layout-flow\">\n<figure class=\"wp-block-image size-full\"><img decoding=\"async\" src=\"https:\/\/solidaritegenerositeaines8.wordpress.com\/wp-content\/uploads\/2025\/03\/lincroyable-show-final.png\" alt=\"\" class=\"wp-image-126\" style=\"aspect-ratio:1;object-fit:cover\"\/><\/figure>\n\n\n\n<h3 class=\"wp-block-heading has-text-align-center has-medium-font-size\">Un Spectacle Interg\u00e9n\u00e9rationnel<\/h3>\n\n\n\n<p class=\"has-text-align-center\">Naviguer dans le tissu complexe de la vie, les choix d\u00e9voilent des chemins vers l&rsquo;extraordinaire, exigeant cr\u00e9ativit\u00e9, curiosit\u00e9 et courage pour un voyage vraiment \u00e9panouissant.<\/p>\n\n\n\n<div class=\"wp-block-buttons is-content-justification-center is-layout-flex wp-container-core-buttons-is-layout-a89b3969 wp-block-buttons-is-layout-flex\">\n<div class=\"wp-block-button\"><a class=\"wp-block-button__link wp-element-button\" href=\"https:\/\/drive.google.com\/drive\/folders\/1x1nUZ5J607VBF7yrLs8GjuqotEy1Fn2N?usp=sharing\" target=\"_blank\" rel=\"noreferrer noopener\">Commencer<\/a><\/div>\n<\/div>\n<\/div>\n<\/div>\n\n\n\n<div style=\"height:calc( 0.25 * var(--wp--style--root--padding-right, var(--wp--custom--gap--horizontal)))\" aria-hidden=\"true\" class=\"wp-block-spacer\"><\/div>\n<\/div>\n\n\n\n<div class=\"wp-block-group alignfull has-global-padding is-content-justification-center is-layout-constrained wp-container-core-group-is-layout-df757ecc wp-block-group-is-layout-constrained\" style=\"margin-top:0;margin-bottom:0;padding-top:calc( 0.5 * var(--wp--style--root--padding-right, var(--wp--custom--gap--horizontal)));padding-right:var(--wp--style--root--padding-right, var(--wp--custom--gap--horizontal));padding-bottom:calc( 0.5 * var(--wp--style--root--padding-right, var(--wp--custom--gap--horizontal)));padding-left:var(--wp--style--root--padding-left, var(--wp--custom--gap--horizontal))\">\n<div style=\"height:calc( 0.25 * var(--wp--style--root--padding-right, var(--wp--custom--gap--horizontal)))\" aria-hidden=\"true\" class=\"wp-block-spacer\"><\/div>\n\n\n\n<div class=\"wp-block-columns alignwide is-layout-flex wp-container-core-columns-is-layout-5b525043 wp-block-columns-is-layout-flex\">\n<div class=\"wp-block-column is-layout-flow wp-block-column-is-layout-flow\">\n<figure class=\"wp-block-image size-full\"><img decoding=\"async\" src=\"https:\/\/solidaritegenerositeaines8.wordpress.com\/wp-content\/uploads\/2025\/03\/quizz-2025.png\" alt=\"\" class=\"wp-image-132\" style=\"aspect-ratio:1;object-fit:cover\"\/><\/figure>\n\n\n\n<h3 class=\"wp-block-heading has-text-align-center has-medium-font-size\">Un quizz musical<\/h3>\n\n\n\n<p class=\"has-text-align-center\">Naviguer dans le tissu complexe de la vie, les choix d\u00e9voilent des chemins vers l&rsquo;extraordinaire, exigeant cr\u00e9ativit\u00e9, curiosit\u00e9 et courage pour un voyage vraiment \u00e9panouissant.<\/p>\n\n\n\n<div class=\"wp-block-buttons is-content-justification-center is-layout-flex wp-container-core-buttons-is-layout-a89b3969 wp-block-buttons-is-layout-flex\">\n<div class=\"wp-block-button\"><a class=\"wp-block-button__link wp-element-button\">Commencer<\/a><\/div>\n<\/div>\n<\/div>\n\n\n\n<div class=\"wp-block-column is-layout-flow wp-block-column-is-layout-flow\">\n<figure class=\"wp-block-image size-full\"><img decoding=\"async\" src=\"https:\/\/solidaritegenerositeaines8.wordpress.com\/wp-content\/uploads\/2025\/03\/affiche-carnaval.png\" alt=\"\" class=\"wp-image-131\" style=\"aspect-ratio:1;object-fit:cover\"\/><\/figure>\n\n\n\n<h3 class=\"wp-block-heading has-text-align-center has-medium-font-size\">Un Carnaval<\/h3>\n\n\n\n<p class=\"has-text-align-center\">Naviguer dans le tissu complexe de la vie, les choix d\u00e9voilent des chemins vers l&rsquo;extraordinaire, exigeant cr\u00e9ativit\u00e9, curiosit\u00e9 et courage pour un voyage vraiment \u00e9panouissant.<\/p>\n\n\n\n<div class=\"wp-block-buttons is-content-justification-center is-layout-flex wp-container-core-buttons-is-layout-a89b3969 wp-block-buttons-is-layout-flex\">\n<div class=\"wp-block-button\"><a class=\"wp-block-button__link wp-element-button\">Commencer<\/a><\/div>\n<\/div>\n<\/div>\n\n\n\n<div class=\"wp-block-column is-layout-flow wp-block-column-is-layout-flow\">\n<figure class=\"wp-block-image size-full\"><img decoding=\"async\" src=\"https:\/\/solidaritegenerositeaines8.wordpress.com\/wp-content\/uploads\/2025\/03\/karaoke-2024-2-mars.png\" alt=\"\" class=\"wp-image-130\" style=\"aspect-ratio:1;object-fit:cover\"\/><\/figure>\n\n\n\n<h3 class=\"wp-block-heading has-text-align-center has-medium-font-size\">Un Karaok\u00e9 Magique <\/h3>\n\n\n\n<p class=\"has-text-align-center\">Naviguer dans le tissu complexe de la vie, les choix d\u00e9voilent des chemins vers l&rsquo;extraordinaire, exigeant cr\u00e9ativit\u00e9, curiosit\u00e9 et courage pour un voyage vraiment \u00e9panouissant.<\/p>\n\n\n\n<div class=\"wp-block-buttons is-content-justification-center is-layout-flex wp-container-core-buttons-is-layout-a89b3969 wp-block-buttons-is-layout-flex\">\n<div class=\"wp-block-button\"><a class=\"wp-block-button__link wp-element-button\" href=\"https:\/\/drive.google.com\/drive\/folders\/1x1nUZ5J607VBF7yrLs8GjuqotEy1Fn2N?usp=drive_link\">Commencer<\/a><\/div>\n<\/div>\n<\/div>\n<\/div>\n\n\n\n<div style=\"height:calc( 0.25 * var(--wp--style--root--padding-right, var(--wp--custom--gap--horizontal)))\" aria-hidden=\"true\" class=\"wp-block-spacer\"><\/div>\n<\/div>\n","protected":false},"excerpt":{"rendered":"<p>Voici quelque action effectuer par l&rsquo;association : Un Halloween Myst\u00e8re Naviguer dans le tissu complexe de la vie, les choix d\u00e9voilent des chemins vers l&rsquo;extraordinaire, exigeant cr\u00e9ativit\u00e9, curiosit\u00e9 et courage pour un voyage vraiment \u00e9panouissant. L&rsquo;atelier d&rsquo;\u00e9criture Naviguer dans le tissu complexe de la vie, les choix d\u00e9voilent des chemins vers l&rsquo;extraordinaire, exigeant cr\u00e9ativit\u00e9, curiosit\u00e9 [&hellip;]<\/p>\n","protected":false},"author":1,"featured_media":0,"parent":0,"menu_order":0,"comment_status":"closed","ping_status":"closed","template":"","meta":{"footnotes":""},"class_list":["post-114","page","type-page","status-publish","hentry"],"jetpack_sharing_enabled":true,"_links":{"self":[{"href":"https:\/\/solidaritegenerositeainesalbertivillariens.com\/index.php\/wp-json\/wp\/v2\/pages\/114","targetHints":{"allow":["GET"]}}],"collection":[{"href":"https:\/\/solidaritegenerositeainesalbertivillariens.com\/index.php\/wp-json\/wp\/v2\/pages"}],"about":[{"href":"https:\/\/solidaritegenerositeainesalbertivillariens.com\/index.php\/wp-json\/wp\/v2\/types\/page"}],"author":[{"embeddable":true,"href":"https:\/\/solidaritegenerositeainesalbertivillariens.com\/index.php\/wp-json\/wp\/v2\/users\/1"}],"replies":[{"embeddable":true,"href":"https:\/\/solidaritegenerositeainesalbertivillariens.com\/index.php\/wp-json\/wp\/v2\/comments?post=114"}],"version-history":[{"count":1,"href":"https:\/\/solidaritegenerositeainesalbertivillariens.com\/index.php\/wp-json\/wp\/v2\/pages\/114\/revisions"}],"predecessor-version":[{"id":165,"href":"https:\/\/solidaritegenerositeainesalbertivillariens.com\/index.php\/wp-json\/wp\/v2\/pages\/114\/revisions\/165"}],"wp:attachment":[{"href":"https:\/\/solidaritegenerositeainesalbertivillariens.com\/index.php\/wp-json\/wp\/v2\/media?parent=114"}],"curies":[{"name":"wp","href":"https:\/\/api.w.org\/{rel}","templated":true}]}}